NOAA-Style Climate Reports
Select a Year or Month report
2024: Jan Feb Mar Apr May Jun Jul Aug Sep Oct Nov Dec
2023: Jan Feb Mar Apr May Jun Jul Aug Sep Oct Nov Dec
2022: Jan Feb Mar Apr May Jun Jul Aug Sep Oct Nov Dec
2021: Jan Feb Mar Apr May Jun Jul Aug Sep Oct Nov Dec
2020: Jan Feb Mar Apr May Jun Jul Aug Sep Oct Nov Dec
2019: Jan Feb Mar Apr May Jun Jul Aug Sep Oct Nov Dec
2018: Jan Feb Mar Apr May Jun Jul Aug Sep Oct Nov Dec
2017: Jan Feb Mar Apr May Jun Jul Aug Sep Oct Nov Dec
2016: Jan Feb Mar Apr May Jun Jul Aug Sep Oct Nov Dec
2015: Jan Feb Mar Apr May Jun Jul Aug Sep Oct Nov Dec
2014: Jan Feb Mar Apr May Jun Jul Aug Sep Oct Nov Dec
2013: Jan Feb Mar Apr May Jun Jul Aug Sep Oct Nov Dec
2012: Jan Feb Mar Apr May Jun Jul Aug Sep Oct Nov Dec
2011: Jan Feb Mar Apr May Jun Jul Aug Sep Oct Nov Dec
2010: Jan Feb Mar Apr May Jun Jul Aug Sep Oct Nov Dec
2009: Jan Feb Mar Apr May Jun Jul Aug Sep Oct Nov Dec
2008: Jan Feb Mar Apr May Jun Jul Aug Sep Oct Nov Dec
2007: Jan Feb Mar Apr May Jun Jul Aug Sep Oct Nov Dec
2006: Jan Feb Mar Apr May Jun Jul Aug Sep Oct Nov Dec
2024: Jan Feb Mar Apr May Jun Jul Aug Sep Oct Nov Dec
2023: Jan Feb Mar Apr May Jun Jul Aug Sep Oct Nov Dec
2022: Jan Feb Mar Apr May Jun Jul Aug Sep Oct Nov Dec
2021: Jan Feb Mar Apr May Jun Jul Aug Sep Oct Nov Dec
2020: Jan Feb Mar Apr May Jun Jul Aug Sep Oct Nov Dec
2019: Jan Feb Mar Apr May Jun Jul Aug Sep Oct Nov Dec
2018: Jan Feb Mar Apr May Jun Jul Aug Sep Oct Nov Dec
2017: Jan Feb Mar Apr May Jun Jul Aug Sep Oct Nov Dec
2016: Jan Feb Mar Apr May Jun Jul Aug Sep Oct Nov Dec
2015: Jan Feb Mar Apr May Jun Jul Aug Sep Oct Nov Dec
2014: Jan Feb Mar Apr May Jun Jul Aug Sep Oct Nov Dec
2013: Jan Feb Mar Apr May Jun Jul Aug Sep Oct Nov Dec
2012: Jan Feb Mar Apr May Jun Jul Aug Sep Oct Nov Dec
2011: Jan Feb Mar Apr May Jun Jul Aug Sep Oct Nov Dec
2010: Jan Feb Mar Apr May Jun Jul Aug Sep Oct Nov Dec
2009: Jan Feb Mar Apr May Jun Jul Aug Sep Oct Nov Dec
2008: Jan Feb Mar Apr May Jun Jul Aug Sep Oct Nov Dec
2007: Jan Feb Mar Apr May Jun Jul Aug Sep Oct Nov Dec
2006: Jan Feb Mar Apr May Jun Jul Aug Sep Oct Nov Dec
Report for 2024 March
Daily noaa report MONTHLY CLIMATOLOGICAL SUMMARY for MAR. 2024 NAME: Emmett Wx CITY: Emmett STATE: Idaho ELEV: 755 LAT: 043:59:12 LONG: 0116:46:46 TEMPERATURE ( °F), RAIN (in.), WIND SPEED (mph) HEAT COOL AVG MEAN DEG DEG WIND DOM DAY TEMP HIGH TIME LOW TIME DAYS DAYS RAIN SPEED HIGH TIME DIR -------------------------------------------------------------------------------------------------------- 01 41.7 050.7 15:35 38.2 21:45 23.2 00.0 00.00 01.4 12.7 16:45 S 02 39.1 045.8 03:40 32.0 00:00 25.9 00.0 00.00 01.5 18.4 05:20 S 03 33.7 041.3 15:58 29.7 06:08 31.3 00.0 00.00 00.5 06.9 18:58 S 04 36.2 045.6 14:11 30.6 08:18 28.7 00.0 00.00 01.4 09.2 21:42 S 05 35.2 037.9 12:22 32.0 00:00 29.8 00.0 00.00 01.3 14.9 02:29 WSW 06 32.7 039.7 14:47 25.5 07:41 32.2 00.0 00.00 00.3 05.8 16:01 SW 07 33.5 045.8 16:07 22.8 06:52 31.5 00.0 00.00 00.6 06.9 16:13 E 08 36.1 048.2 15:51 27.3 07:25 28.8 00.0 00.00 00.3 05.8 23:27 SSE 09 37.6 049.3 17:28 25.1 07:28 27.3 00.0 00.00 00.9 10.3 22:05 N 10 44.8 054.7 17:55 36.5 07:18 20.2 00.0 00.00 00.7 11.5 16:06 NE 11 48.7 057.5 13:55 40.9 08:25 16.2 00.0 00.00 00.7 11.5 15:05 S 12 47.1 059.0 17:05 40.9 05:45 17.9 00.0 00.09 00.7 08.1 17:36 N 13 40.8 051.1 16:38 32.6 07:50 24.1 00.0 00.00 02.3 13.8 15:35 N 14 43.8 060.9 17:14 31.7 08:03 21.1 00.0 00.00 01.2 11.5 18:26 NNW 15 45.9 063.4 17:10 31.9 08:10 19.0 00.0 00.00 00.6 06.9 00:09 S 16 48.3 065.8 17:13 33.4 05:16 16.7 00.0 00.00 00.6 05.8 16:54 W 17 51.8 070.2 17:07 36.3 06:48 13.1 00.0 00.00 00.6 06.9 15:23 ENE 18 52.9 072.2 17:13 36.5 08:24 12.1 00.0 00.00 00.6 06.9 21:57 S 19 54.5 073.7 16:58 38.0 07:58 10.5 00.0 00.00 00.4 05.8 21:49 S 20 57.2 073.7 16:21 41.8 07:21 07.7 00.0 00.00 00.4 04.6 21:06 NE 21 56.2 065.5 16:30 48.1 23:23 08.8 00.0 00.00 00.6 06.9 01:09 SSE 22 55.5 069.7 16:05 41.9 08:17 09.4 00.0 00.00 00.8 08.1 23:12 SSE 23 49.8 060.4 01:14 41.8 11:37 15.1 00.0 00.36 00.9 13.8 08:54 SSW 24 46.0 058.9 17:20 38.3 08:33 18.9 00.0 00.01 00.8 10.3 16:10 NNE 25 44.8 055.7 14:21 35.5 02:54 20.1 00.0 00.00 00.6 08.1 14:36 NE 26 44.5 057.5 15:30 34.5 07:10 20.4 00.0 00.00 00.8 10.3 16:42 NNE 27 46.7 058.1 15:58 36.3 04:55 18.3 00.0 00.03 01.1 11.5 18:33 S -------------------------------------------------------------------------------------------------------- 44.6 (45.8) 73.7 day 19 22.8 day 07 548.2 000.0 01.51 00.8 18.4 day 13 SSE Min < 86: 27 Min < 23: 1 Max Rain: 0.36 ON 23-03-24 Days of Rain: 4 (> .008in) 2 (> .08in) 0 (> 0.8in)